{"id":8019,"date":"2025-12-08T22:24:17","date_gmt":"2025-12-08T21:24:17","guid":{"rendered":"https:\/\/gesangverein-woellstein.de\/?page_id=8019"},"modified":"2026-01-15T19:30:31","modified_gmt":"2026-01-15T18:30:31","slug":"fotoshooting-2025","status":"publish","type":"page","link":"https:\/\/gesangverein-woellstein.de\/?page_id=8019","title":{"rendered":"Fototermin 2025"},"content":{"rendered":"\n<p>Am Sonntag, den 5. Oktober 2025 fand im Rahmen des Chorprobenwochenendes f\u00fcr unser Jubil\u00e4umskonzert im und am Dorfhaus W\u00f6llstein ein Foto-Shooting statt, bei dem J\u00fcrgen Ilg Gruppenfotos vom gesamten Chor und von den S\u00e4ngern der Einzelstimmen aufnahm:<\/p>\n\n\n\n<h2 class=\"wp-block-heading\"><strong>Gruppenfotos:<\/strong><\/h2>\n\n\n\n<div class=\"wp-block-group is-nowrap is-layout-flex wp-container-core-group-is-layout-ad2f72ca wp-block-group-is-layout-flex\">\n<figure class=\"wp-block-image size-large\"><a href=\"https:\/\/gesangverein-woellstein.de\/wp-content\/uploads\/2025\/12\/GVW-102-MRes_crop-scaled.jpg\"><img loading=\"lazy\" decoding=\"async\" width=\"1024\" height=\"583\" src=\"https:\/\/gesangverein-woellstein.de\/wp-content\/uploads\/2025\/12\/GVW-102-MRes_crop-1024x583.jpg\" alt=\"\" class=\"wp-image-8027\" srcset=\"https:\/\/gesangverein-woellstein.de\/wp-content\/uploads\/2025\/12\/GVW-102-MRes_crop-1024x583.jpg 1024w, https:\/\/gesangverein-woellstein.de\/wp-content\/uploads\/2025\/12\/GVW-102-MRes_crop-300x171.jpg 300w, https:\/\/gesangverein-woellstein.de\/wp-content\/uploads\/2025\/12\/GVW-102-MRes_crop-768x437.jpg 768w, https:\/\/gesangverein-woellstein.de\/wp-content\/uploads\/2025\/12\/GVW-102-MRes_crop-1536x875.jpg 1536w, https:\/\/gesangverein-woellstein.de\/wp-content\/uploads\/2025\/12\/GVW-102-MRes_crop-2048x1166.jpg 2048w\" sizes=\"auto, (max-width: 1024px) 100vw, 1024px\" \/><\/a><\/figure>\n<\/div>\n\n\n\n<h6 class=\"wp-block-heading\">Von links nach rechts:<br>Chorleiter Markus Angstenberger, Simon Angstenberger, Rainer Mayer, Holger Murschall, Erwin Eberhard, Jonas Barth, Tobias Sch\u00f6ller, Rainer Barth, Karl Heinz Bieg, Matthias Feil, Stephan Gora, Martin Angstenberger, Thomas Angstenberger, Thomas R\u00e4der, Hermann Kriwanek, Klaus Lauble, Kurt M\u00fcller, Kevin Maier, Walter Fuchs, Anton Hegele<\/h6>\n\n\n\n<p><\/p>\n\n\n\n<p><\/p>\n\n\n\n<figure class=\"wp-block-image size-large\"><a href=\"https:\/\/gesangverein-woellstein.de\/wp-content\/uploads\/2025\/12\/GVW-021_crop-scaled.jpg\"><img loading=\"lazy\" decoding=\"async\" width=\"1024\" height=\"728\" src=\"https:\/\/gesangverein-woellstein.de\/wp-content\/uploads\/2025\/12\/GVW-021_crop-1024x728.jpg\" alt=\"\" class=\"wp-image-8028\" srcset=\"https:\/\/gesangverein-woellstein.de\/wp-content\/uploads\/2025\/12\/GVW-021_crop-1024x728.jpg 1024w, https:\/\/gesangverein-woellstein.de\/wp-content\/uploads\/2025\/12\/GVW-021_crop-300x213.jpg 300w, https:\/\/gesangverein-woellstein.de\/wp-content\/uploads\/2025\/12\/GVW-021_crop-768x546.jpg 768w, https:\/\/gesangverein-woellstein.de\/wp-content\/uploads\/2025\/12\/GVW-021_crop-1536x1092.jpg 1536w, https:\/\/gesangverein-woellstein.de\/wp-content\/uploads\/2025\/12\/GVW-021_crop-2048x1457.jpg 2048w\" sizes=\"auto, (max-width: 1024px) 100vw, 1024px\" \/><\/a><\/figure>\n\n\n\n<p><\/p>\n\n\n\n<p><\/p>\n\n\n\n<figure class=\"wp-block-image size-large\"><a href=\"https:\/\/gesangverein-woellstein.de\/wp-content\/uploads\/2025\/12\/GVW-041_mres-scaled.jpg\"><img loading=\"lazy\" decoding=\"async\" width=\"1024\" height=\"683\" src=\"https:\/\/gesangverein-woellstein.de\/wp-content\/uploads\/2025\/12\/GVW-041_mres-1024x683.jpg\" alt=\"\" class=\"wp-image-8030\" srcset=\"https:\/\/gesangverein-woellstein.de\/wp-content\/uploads\/2025\/12\/GVW-041_mres-1024x683.jpg 1024w, https:\/\/gesangverein-woellstein.de\/wp-content\/uploads\/2025\/12\/GVW-041_mres-300x200.jpg 300w, https:\/\/gesangverein-woellstein.de\/wp-content\/uploads\/2025\/12\/GVW-041_mres-768x512.jpg 768w, https:\/\/gesangverein-woellstein.de\/wp-content\/uploads\/2025\/12\/GVW-041_mres-1536x1025.jpg 1536w, https:\/\/gesangverein-woellstein.de\/wp-content\/uploads\/2025\/12\/GVW-041_mres-2048x1366.jpg 2048w\" sizes=\"auto, (max-width: 1024px) 100vw, 1024px\" \/><\/a><\/figure>\n\n\n\n<p><\/p>\n\n\n\n<p><\/p>\n\n\n\n<h2 class=\"wp-block-heading\"><strong>Einzelstimmen:<\/strong><\/h2>\n\n\n\n<p><strong>1. Tenor:<\/strong><\/p>\n\n\n\n<figure class=\"wp-block-image size-large\"><a href=\"https:\/\/gesangverein-woellstein.de\/wp-content\/uploads\/2025\/12\/image-scaled.png\"><img loading=\"lazy\" decoding=\"async\" width=\"1024\" height=\"683\" src=\"https:\/\/gesangverein-woellstein.de\/wp-content\/uploads\/2025\/12\/image-1024x683.png\" alt=\"\" class=\"wp-image-8031\" srcset=\"https:\/\/gesangverein-woellstein.de\/wp-content\/uploads\/2025\/12\/image-1024x683.png 1024w, https:\/\/gesangverein-woellstein.de\/wp-content\/uploads\/2025\/12\/image-300x200.png 300w, https:\/\/gesangverein-woellstein.de\/wp-content\/uploads\/2025\/12\/image-768x512.png 768w, https:\/\/gesangverein-woellstein.de\/wp-content\/uploads\/2025\/12\/image-1536x1025.png 1536w, https:\/\/gesangverein-woellstein.de\/wp-content\/uploads\/2025\/12\/image-2048x1366.png 2048w\" sizes=\"auto, (max-width: 1024px) 100vw, 1024px\" \/><\/a><\/figure>\n\n\n\n<h6 class=\"wp-block-heading\">Von links nach rechts:<br>Jonas Barth, Holger Murschall, Tobias Sch\u00f6ller, Rainer Mayer, Erwin Eberhard, Chorleiter Markus Angstenberger (verhindert waren Thomas Feil und Klaus Angstenberger)<\/h6>\n\n\n\n<p><\/p>\n\n\n\n<p><strong>2. Tenor:<\/strong><\/p>\n\n\n\n<figure class=\"wp-block-image size-large\"><a href=\"https:\/\/gesangverein-woellstein.de\/wp-content\/uploads\/2025\/12\/image-1-scaled.png\"><img loading=\"lazy\" decoding=\"async\" width=\"1024\" height=\"683\" src=\"https:\/\/gesangverein-woellstein.de\/wp-content\/uploads\/2025\/12\/image-1-1024x683.png\" alt=\"\" class=\"wp-image-8033\" srcset=\"https:\/\/gesangverein-woellstein.de\/wp-content\/uploads\/2025\/12\/image-1-1024x683.png 1024w, https:\/\/gesangverein-woellstein.de\/wp-content\/uploads\/2025\/12\/image-1-300x200.png 300w, https:\/\/gesangverein-woellstein.de\/wp-content\/uploads\/2025\/12\/image-1-768x512.png 768w, https:\/\/gesangverein-woellstein.de\/wp-content\/uploads\/2025\/12\/image-1-1536x1025.png 1536w, https:\/\/gesangverein-woellstein.de\/wp-content\/uploads\/2025\/12\/image-1-2048x1366.png 2048w\" sizes=\"auto, (max-width: 1024px) 100vw, 1024px\" \/><\/a><\/figure>\n\n\n\n<h6 class=\"wp-block-heading\">Von links nach rechts:<br>Thomas R\u00e4der, Karl Heinz Bieg, Martin Angstenberger, Matthias Feil, Chorleiter Markus Angstenberger<\/h6>\n\n\n\n<p><\/p>\n\n\n\n<p><strong>1. Bass:<\/strong><\/p>\n\n\n\n<figure class=\"wp-block-image size-large\"><a href=\"https:\/\/gesangverein-woellstein.de\/wp-content\/uploads\/2025\/12\/image-2-scaled.png\"><img loading=\"lazy\" decoding=\"async\" width=\"1024\" height=\"683\" src=\"https:\/\/gesangverein-woellstein.de\/wp-content\/uploads\/2025\/12\/image-2-1024x683.png\" alt=\"\" class=\"wp-image-8035\" srcset=\"https:\/\/gesangverein-woellstein.de\/wp-content\/uploads\/2025\/12\/image-2-1024x683.png 1024w, https:\/\/gesangverein-woellstein.de\/wp-content\/uploads\/2025\/12\/image-2-300x200.png 300w, https:\/\/gesangverein-woellstein.de\/wp-content\/uploads\/2025\/12\/image-2-768x512.png 768w, https:\/\/gesangverein-woellstein.de\/wp-content\/uploads\/2025\/12\/image-2-1536x1025.png 1536w, https:\/\/gesangverein-woellstein.de\/wp-content\/uploads\/2025\/12\/image-2-2048x1366.png 2048w\" sizes=\"auto, (max-width: 1024px) 100vw, 1024px\" \/><\/a><\/figure>\n\n\n\n<h6 class=\"wp-block-heading\"><strong>Von links nach rechts:<\/strong><br><strong>Stephan Gora, Thomas Angstenberger, <strong><strong>Simon Angstenberger, Rainer Barth, <\/strong><\/strong>Kevin Maier, <strong>Hermann Kriwanek, Chorleiter Markus Angstenberger<\/strong><\/strong> (verhindert war Thomas Gehring)<\/h6>\n\n\n\n<p><\/p>\n\n\n\n<p><strong>2. Bass:<\/strong><\/p>\n\n\n\n<figure class=\"wp-block-image size-large\"><a href=\"https:\/\/gesangverein-woellstein.de\/wp-content\/uploads\/2025\/12\/image-3-scaled.png\"><img loading=\"lazy\" decoding=\"async\" width=\"1024\" height=\"683\" src=\"https:\/\/gesangverein-woellstein.de\/wp-content\/uploads\/2025\/12\/image-3-1024x683.png\" alt=\"\" class=\"wp-image-8039\" srcset=\"https:\/\/gesangverein-woellstein.de\/wp-content\/uploads\/2025\/12\/image-3-1024x683.png 1024w, https:\/\/gesangverein-woellstein.de\/wp-content\/uploads\/2025\/12\/image-3-300x200.png 300w, https:\/\/gesangverein-woellstein.de\/wp-content\/uploads\/2025\/12\/image-3-768x512.png 768w, https:\/\/gesangverein-woellstein.de\/wp-content\/uploads\/2025\/12\/image-3-1536x1025.png 1536w, https:\/\/gesangverein-woellstein.de\/wp-content\/uploads\/2025\/12\/image-3-2048x1366.png 2048w\" sizes=\"auto, (max-width: 1024px) 100vw, 1024px\" \/><\/a><\/figure>\n\n\n\n<h6 class=\"wp-block-heading\">Von links nach rechts:<br>Klaus Lauble, Kurt M\u00fcller, Walter Fuchs, Anton Hegele, Chorleiter Markus Angstenberger (verhindert war Dieter Renschler)<\/h6>\n\n\n\n<p><\/p>\n","protected":false},"excerpt":{"rendered":"<p>Am Sonntag, den 5. Oktober 2025 fand im Rahmen des Chorprobenwochenendes f\u00fcr unser Jubil\u00e4umskonzert im und am Dorfhaus W\u00f6llstein ein Foto-Shooting statt, bei dem J\u00fcrgen Ilg Gruppenfotos vom gesamten Chor und von den S\u00e4ngern der Einzelstimmen aufnahm: Gruppenfotos: Von links nach rechts:Chorleiter Markus Angstenberger, Simon Angstenberger, Rainer Mayer, Holger Murschall, Erwin Eberhard, Jonas Barth, Tobias [&hellip;]<\/p>\n","protected":false},"author":2,"featured_media":0,"parent":0,"menu_order":0,"comment_status":"closed","ping_status":"closed","template":"","meta":{"footnotes":""},"class_list":["post-8019","page","type-page","status-publish","hentry"],"_links":{"self":[{"href":"https:\/\/gesangverein-woellstein.de\/index.php?rest_route=\/wp\/v2\/pages\/8019","targetHints":{"allow":["GET"]}}],"collection":[{"href":"https:\/\/gesangverein-woellstein.de\/index.php?rest_route=\/wp\/v2\/pages"}],"about":[{"href":"https:\/\/gesangverein-woellstein.de\/index.php?rest_route=\/wp\/v2\/types\/page"}],"author":[{"embeddable":true,"href":"https:\/\/gesangverein-woellstein.de\/index.php?rest_route=\/wp\/v2\/users\/2"}],"replies":[{"embeddable":true,"href":"https:\/\/gesangverein-woellstein.de\/index.php?rest_route=%2Fwp%2Fv2%2Fcomments&post=8019"}],"version-history":[{"count":19,"href":"https:\/\/gesangverein-woellstein.de\/index.php?rest_route=\/wp\/v2\/pages\/8019\/revisions"}],"predecessor-version":[{"id":8173,"href":"https:\/\/gesangverein-woellstein.de\/index.php?rest_route=\/wp\/v2\/pages\/8019\/revisions\/8173"}],"wp:attachment":[{"href":"https:\/\/gesangverein-woellstein.de\/index.php?rest_route=%2Fwp%2Fv2%2Fmedia&parent=8019"}],"curies":[{"name":"wp","href":"https:\/\/api.w.org\/{rel}","templated":true}]}}